-3 + 14))
-137
Evaluate 0 + 35 - 21 - (25 - 15 - 4).
8
What is the value of (21 - (14 - 21 - 8 - -39)) + 19?
16
What is (-7 + 4 - 3) + 5 - ((-17 - 3) + 86)?
-67
Calculate 10 - (3 - ((12 - (40 + -1)) + 10)).
-10
Calculate (1 + 16 - 19) + (-59 + 8 - -6).
-47
-89 - 4 - (-150 - -133)
-76
Evaluate 226 + (45 - 265) - ((-1 - 0) + -6).
13
39 + (12 + (-6 - -4) - (11 + 1) - -7)
44
What is the value of 42 - (-28 + 124 - -36)?
-90
What is (89 - 80) + 5 + -17?
-3
What is (-57 + 99 + -48 - (-2 - 18)) + -119?
-105
What is the value of -28 + 1 - ((48 - 30) + 4 + -12)?
-37
What is 13 - 0 - (-463 + 448)?
28
Calculate 7 + (18 - (21 + -15)) + (3 - -96).
118
-76 - ((38 + -9 - 8) + -19)
-78
What is (-1 - 14) + (131 - (30 + 36 - 36))?
86
What is (86 - 18 - 36) + -27?
5
What is the value of -26 + -9 + 18 - (27 + -11 - 11)?
-22
Evaluate (5 - 14) + (30 + 95 - 26) + 22.
112
Calculate (5 + 33 + -38 - (3 - 8)) + 40.
45
Calculate -65 - (-31 - (72 + -37)).
1
-105 + (-3 + 19 - 10 - (8 - 7 - -2))
-102
What is the value of (-4 - (-9 + -5)) + -15 + (4 - (2 - -18))?
-21
What is the value of 2 + (-7 - -10) - (4 - 33)?
34
Calculate 96 + -52 + 15 - 138.
-79
What is the value of (-20 - ((11 - 30) + 21)) + -41 + -4?
-67
Calculate ((-1 - -11) + 309 + -315 - (60 + -1)) + -7.
-62
Evaluate 90 + -134 + 64 + -62.
-42
What is (-19 - 33) + 0 + (5 - 2 - 4) + 11?
-42
-100 - -133 - -10 - 50
-7
-31 + 10 + 0 + (2 - 15 - -11)
-23
12 + -96 - 56 - -79
-61
8 + -4 + (-3 - 0 - (0 + -3 + 1))
3
Evaluate -147 + 48 + 21 - -40.
-38
0 + 2 + 140 + -134 - -13
21
What is the value of -106 + (142 - 127) - -15?
-76
What is 115 - (18 - (-48 - (-12 - 18)))?
79
Evaluate -284 + 283 + (-8 - -1 - 1).
-9
Evaluate -2 + 40 - (102 + -116 - -172).
-120
Calculate 30 + (-26 - -10) + (4 - 66).
-48
-11 - (-21 + 3 + 12 + 1 + 0 + -5)
-1
13 - (10 + 6) - ((9 - (3 + 3)) + 86)
-92
2 + (-45 + -27 - ((-11 - -5) + -6))
-58
What is the value of (9 - -3) + (-9 - (-36 - -3))?
36
(74 - -85) + -83 + 8
84
What is 6 + -2 + -157 + 184 + -19 + 2?
14
Calculate -722 - -813 - (91 - -3).
-3
What is the value of 3 - 76 - (-662 + 675)?
-86
What is the value of 1 + -64 - (-2649 + 2589)?
-3
Evaluate -90 - (102 + -283) - 52.
39
Calculate 74 + (-114 - (-94 - 29)).
83
What is the value of 29 + (-15 - -88 - 112)?
-10
Calculate -46 - 8 - ((71 - -5) + -65).
-65
What is -4 + 0 + ((16 + 15 - 21) + -27 - -2)?
-19
13 + (6 - 8) + 0 - (4 - (-28 + 2))
-19
What is the value of 21 + (4 - 3 - -19) - -23?
64
Calculate 0 - (-17 - (-41 - 41)).
-65
What is the value of (-4 - 0) + (-46 - (-57 - -11)) - 18?
-22
What is 101 + -93 - (35 - (-7 - -21))?
-13
Calculate (-2 - ((-1 - 13) + -3)) + -9475 + 9548.
88
What is the value of -2 + -9 - 2 - (125 + -153)?
15
What is -31 + (6 - (-12 + (31 - 16)))?
-28
(-13 - -5) + 14 + -5 - (-1 - -1) - -36
37
What is the value of (-8 - 127) + (-7 - -15)?
-127
What is the value of 44 + 0 - (-2611 - -2702)?
-47
8 + 28 + (-109 - -76)
3
What is the value of 7 + 2 + -14 - (-14 - (-9 + -4))?
-4
Calculate -80 + ((4 - (16 + -16)) + -2 - (8 + -1)).
-85
Evaluate (-2 - 9) + -315 + 287 - -17.
-22
-43 - (-6 + -81) - 42 - -58
60
11 + (-77 - (-37 - -23) - -7)
-45
What is the value of 1 + -1 + 43 + (964 + -477 - 494)?
36
Calculate (-18 - (-22 + -18) - -54) + (-6 - -1).
71
What is the value of -30 - (14 + (7 - 21) - 8)?
-22
What is the value of -4 + 0 + (-21 - (-20 - (-2 - 34)))?
-41
Calculate 11 + -4 + 3 + 17 + -24 - 42.
-39
What is (2 - -11 - (17 - (-7 - -1))) + (-38 - 16)?
-64
Evaluate -3 - -12 - 15 - (-13 + 17 + 96).
-106
Calculate (16 + -9 - 78) + -3 + (43 - 44).
-75
What is -1 + 1 + (-1 - -3) - (-56 - -49) - -7?
16
Evaluate -9 + 1 + (10 - (-114 + 124)).
-8
Calculate -7 - -5 - 12 - (-21 + (94 - 89)).
2
What is 0 - 5 - (29 + -52) - 17?
1
Calculate 1 + -26 + -27 + 45 + -51.
-58
Evaluate 49 + -8 + 92 + -132.
1
(14 - (31 + 6) - -44) + -18
3
(-1 - 3 - (-328 - -320)) + 6 + -56
-46
8 + -52 - (68 + -80)
-32
Calculate 1 + 4 + 41 - (62 - 39).
23
What is the value of 178 + -91 + (-14 - (3 - (4 - -4)))?
78
Evaluate (70 - (188 + -69)) + -15.
-64
What is (-53 + 34 + 31 - 26) + 86?
72
Calculate 1 + -9 + 29 - ((-12 - 1) + 0).
34
Evaluate 0 + -15 + (345 - 359) - ((-1 - 6) + 6).
-28
What is -9 - (-13 + (18 - (10 - 19) - -11))?
-34
-35 + (24 + -1 - (-269 + 299))
-42
What is -50 + (-83 - -126) + 9 + 3?
5
Calculate (0 - (0 - -8)) + (17 - (4 - -30)).
-25
What is 46 + -39 - (0 - -1 - -4) - (85 + -191)?
108
Evaluate 105 + -130 - (-48 - 3) - (1 - 22).
47
What is 11 - (93 + -1 - (0 + -1 + (-177 - -182)))?
-77
What is the value of -23 + (26 - -1) - (7 - (-3 - (6 + 56)))?
-68
What is 1 + 22 + (-51 - -38) - (2 - (-2 - -10))?
16
Calculate (112 - 128) + (-7 - -104 - -6).
87
What is (-162 - -131) + -1 - (2 + 0 + 14)?
-48
438 + -542 + 0 + 92
-12
Evaluate (-1 - 21) + 13 - 29.
-38
2 + (-48 - ((-9 - -15 - 11) + 7))
-48
Evaluate (-83 - (122 + -211)) + (-3 - -52) + 0 + 3.
58
What is 19 - (207 + -182 - (-8 - -2))?
-12
What is the value of -11 + 92 - 156 - -65?
-10
What is the value of 0 + (-1 - 2) + (188 - (37 - -181))?
-33
16 - (32 + -10 - 7 - -1)
0
-30 + -2 + 60 + -45 + 19
2
What is the value of (0 - 9) + (4 - -31) + -30 - (92 + 3)?
-99
What is the value of -117 + -47 + 179 + -3 + -3 + 1 + 1?
11
-867 - -898 - (1 - (-81 + -2))
-53
What is the value of -1 - -3 - (-4 + -41 + (-10 + 9 - -9))?
39
What is 0 - (-98 + 28 + 0)?
70
Calculate -6 + (-4 + 0 + 8 - -7) + -3 + -21.
-19
(-2 - -13) + (14 - (1 - -1))
23
25 - (-27 + 17 + -8)
43
Evaluate -55 + (23 - -15) + -63 + 0 - -16.
-64
2 + 1 - (4 - (80 - (-53 + 33)))
99
44 + (-56 - 42) - (-4 - 16)
-34
Evaluate 57 - (-26 + 71 + -28 - 31).
71
Calculate -84 + -13 - (-251 - -169).
-15
What is 26 - (-49 - (-23 + (-12 - -10)))?
50
Evaluate -47 + -16 + 0 + 27.
-36
Calculate 69 - (104 - (91 - 29)).
27
Evaluate 14 + 0 - (-65 + 42 + -17 + 6).
48
Calculate -7 + 30 - (12 - -5) - ((1 - -2) + 0).
3
Calculate (6 - 13) + 20 - 9 - 8.
-4
10 + (10 - 12) - (58 - (-25 - -10))
-65
8 + -9 - (-234 + 294 + -8 + 0)
-53
Calculate 6879 + -6817 + (-1 - 57).
4
What is -44 + 39 - -38 - -39?
72
What is (-19 - (-2 + (-4 - 3))) + 7 + (-9 - 2)?
-14
What is 1 - (-14 - -9) - -7 - (-6 + 20)?
-1
What is -1804 + 1763 - (0 - 74)?
33
Evaluate 4556 + -4335 + (-116 - -4).
109
Calculate 45 - 74 - -13 - 23.
-39
What is -19 - (26 - 3) - (-14 + -60)?
32
What is 102 + (-136 - -17) - (1 + -7)?
-11
Calculate 114 + (39 - 127) + 42.
68
What is -32 + (2 - (-4 - -14 - 1) - -21)?
-18
Evaluate 1 - -10 - (-15 + (94 - 77)).
9
What is -73 + 1 + (68 - -44)?
40
What is the value of 1 + -2 + (82 - 133) + 88?
36
What is 13 + -15 + 19 + -15 + 6 - -10?
18
Evaluate 51 - -47 - 94 - -2.
6
70 - 112 - -210 - 113
55
What is the value of -63 - (31 + 1 - (16 + (6 - 5)))?
-78
(4 - (3 + 4 - -1)) + 33 + (-24 - -4)
9
Calculate -76 + (-1 + 10 - (-6 - (8 + -30 + 15))).
-68
What is the value of (45 - (91 + -99)) + -12?
41
Evaluate 149 - (382 + (-3 - 103)).
-127
(74 + -104 - (5 - 2)) + 15
-18
What is the value of (74 - (38 + 19)) + 1 + -104 + 5?
-81
Evaluate (-3 - 1) + -11 + 0 - (69 - (-27 + 101)).
-10
Evaluate (3406 - 3414) + (0 - 2 - (-1 + -1)) + 10.
2
What is (-1 - 4 - ((11 - 15) + -8)) + 19?
26
Evaluate -73 - ((-8 - 2 - -7) + 4) - (-14 - -3).
-63
Calculate -71 + 25 + -28 + 18.
-56
Calculate (9 - 10 - -10) + -4 + (-19 - -17).
3
What is 74 - 105 - -40 - (-2 + 0 - -28)?
-17
24 - 22 - -15 - (-4 - 61 - 11)
93
Evaluate (17 - (-48 - (-20 + -12))) + 11.
44
What is -20 + 0 + ((10 - 6) + 53 - -44)?
81
Calculate (-21 + 54 - 89) + 60.
4
Calculate 44 + -432 + 374 - (1 + (11 - 0)).
-26
Calculate -42 + -84 + 38 + 45.
-43
(-19 - 0 - -25) + -68
-62
Calculate 8 - -1 - (14 - (-10 + -17 - -18)).
-14
Evaluate 3 - -2 - (-17 + 53 + 5 + 20).
-56
Evaluate 27 + 16 + -47 + 48.
44
What is the value of -553 + 451 + 8 + 9 + -9?
-94
Calculate 4 + 24 + -5 + 20 + -7 + 1.
37
Evaluate -11 + ((11 - 8) + 9 - 7) - 59.
-65
Evaluate (47 + -28 - 1) + -27 - -22.
13
Evaluate (-5 - (25 + -11 - 4) - -26) + -48.
-37
Calculate (131 - 92 - (0 + -2)) + 79 + -88.
32
What is the value of -3 - -6 - 45 - 0 - (430 + -448)?
-24
Evaluate 19 + 11 + 11 + -51 + (9 - 2).
-3
What is the value of 12 + (-3 - -6) + 20 + -5 + 33?
63
-23 + (-69 - 37) + 89
-40
What is 32 - 72 - (-3 - -2 - 2 - (16 - 11))?
-32
Evaluate (-22 + 45 + -31 - -22) + -14.
0
What is the value of 6 + 4 + -13 + (-27 - -6) 